
93675 (base 11) to base 4
201111322
-82c (base 13) to base 5
-21030
What is -b4cc6 (base 14) in base 12?
-19043a
Convert -43c1 (base 15) to base 10.
-14356
What is -2c505 (base 13) in base 8?
-244560
-161105332 (base 7) to base 15
-e4286a
Convert 30641014 (base 7) to base 3.
11212011001111
438fc (base 16) to base 12
114190
81a38 (base 12) to base 6
3342512
-101ac3 (base 14) to base 9
-1016388
-110001121011110 (base 3) to base 9
-13047143
What is 7d4e3 (base 16) in base 7?
4235234
2310333222 (base 4) to base 13
1cc593
4485442 (base 12) to base 13
2942315
Convert 152ab7 (base 15) to base 5.
230143142
What is -118047 (base 9) in base 3?
-10122001121
What is -20010200221220 (base 3) in base 13?
-8a26bb
2923951 (base 12) to base 11
4731509
Convert 1924956 (base 10) to base 15.
280556
Convert 3123507 (base 10) to base 15.
41a73c
What is 1545075 (base 9) in base 12?
3538ab
Convert 12222032130 (base 4) to base 13.
49183b
What is -2241330104 (base 5) in base 6?
-255424412
a7328 (base 15) to base 9
887742
Convert -131121333 (base 4) to base 14.
-31c75
What is 11020311 (base 4) in base 16?
5235
What is 209168 (base 16) in base 14?
3d7b96
Convert 84232 (base 9) to base 8.
154453
Convert -44cca (base 16) to base 5.
-33004202
What is 8280525 (base 9) in base 13?
bbacb7
-132441 (base 7) to base 8
-60531
-150434610 (base 7) to base 10
-9958620
What is 1402423 (base 5) in base 8?
67510
Convert 469760 (base 15) to base 3.
20100101021200
What is -6125 (base 8) in base 2?
-110001010101
What is 1404253 (base 7) in base 8?
554021
What is 692b65 (base 13) in base 3?
11200120012120
What is 1a4669 (base 15) in base 5?
311434244
What is 182a7b (base 14) in base 6?
30135421
What is 2320321313 (base 4) in base 3?
1102110220122
-424904 (base 12) to base 8
-3771024
What is 2176 (base 16) in base 10?
8566
What is -734256 (base 8) in base 16?
-3b8ae
-21111022 (base 3) to base 6
-41142
What is -4320141041 (base 5) in base 9?
-18180442
What is -1075632 (base 12) in base 9?
-5816172
2366b0 (base 14) to base 7
13162610
Convert -4c210 (base 16) to base 5.
-34434244
-201323100 (base 4) to base 6
-2551200
Convert -2338848 (base 9) to base 10.
-1266236
What is 2661438 (base 9) in base 15?
1dbd55
-327261 (base 8) to base 4
-122322301
-10402033 (base 5) to base 15
-1bde8
Convert -13351511 (base 6) to base 15.
-8d57a
What is -13651302 (base 7) in base 2?
-100111010111001100101
-110012330 (base 4) to base 15
-1960e
What is 134987 (base 11) in base 10?
211482
4230541 (base 6) to base 8
622675
Convert 6968d (base 15) to base 11.
20a169
What is -22b38 (base 13) in base 15?
-13bd2
Convert -718e9 (base 15) to base 11.
-226333
Convert -63782a (base 15) to base 11.
-2743464
-321022011223 (base 4) to base 5
-12313433111
-66043342 (base 7) to base 10
-5657962
77571 (base 12) to base 10
158053
What is -59883 (base 16) in base 15?
-739d3
What is 11120000212211 (base 3) in base 10?
2421652
What is -27964a (base 13) in base 2?
-11101011001100100010
Convert -4813457 (base 9) to base 10.
-2607280
Convert 283062 (base 14) to base 3.
2121200111102
Convert 1540324 (base 8) to base 7.
3522215
-31314401 (base 5) to base 9
-436426
-101012101200 (base 3) to base 14
-53243
Convert -813142 (base 10) to base 13.
-226165
Convert 1711485 (base 13) to base 7.
120246462
What is -2743532 (base 11) in base 16?
-483aec
Convert 237434 (base 16) to base 5.
1043323013
Convert -1103412314 (base 5) to base 14.
-4681a4
2696227 (base 11) to base 13
c6a374
What is 1010010100110110111010 (base 2) in base 12?
aa658a
What is 1476027 (base 14) in base 3?
200202100010010
Convert -221103111 (base 4) to base 13.
-5c004
-a973 (base 11) to base 7
-60133
Convert -5152500 (base 7) to base 12.
-259770
Convert adc (base 16) to base 5.
42110
-98cd4 (base 14) to base 7
-3101254
8ae8b (base 15) to base 4
1223322233
-500022 (base 11) to base 2
-11000100100110011111
13043261 (base 7) to base 10
1187264
What is 64546 (base 7) in base 5?
1003212
What is -67e5bb (base 16) in base 5?
-3220342034
-22355610 (base 8) to base 3
-100002220200102
1003332031121 (base 4) to base 15
186e822
-28f86a (base 16) to base 11
-1574340
66120 (base 8) to base 9
42028
172569 (base 10) to base 15
361e9
What is -100110110000110011100001 (base 2) in base 10?
-10161377
Convert -13233808 (base 9) to base 2.
-11000110111010010011100
2220020101101 (base 3) to base 4
11313331120
-101212002110 (base 3) to base 10
-213663
Convert -1101000111111111 (base 2) to base 14.
-1583d
What is -2022101122 (base 3) in base 5?
-2423420
What is -11314144 (base 5) in base 3?
-12022001221
What is 10336101 (base 7) in base 8?
3275113
531400054 (base 6) to base 7
142116265
1000101010011001001 (base 2) to base 16
454c9
Convert 201214451 (base 7) to base 16.
b24c06
Convert -33030032021 (base 4) to base 15.
-539db2
-342882 (base 11) to base 7
-4431124
-1422014223 (base 5) to base 10
-3704313
dd215 (base 14) to base 5
114113431
What is 5a7c27 (base 15) in base 10?
4329487
Convert -21322152 (base 7) to base 16.
-1bc83a
Convert 2052151 (base 9) to base 10.
1097272
51645554 (base 7) to base 3
22011220001222
10001000001010101010111 (base 2) to base 14
8420bd
What is -11223203102 (base 4) in base 3?
-2210122200002
Convert -33032321 (base 5) to base 13.
-9c039
What is -10540234 (base 8) in base 11?
-1316164
What is 433510 (base 9) in base 4?
333012300
3096554 (base 10) to base 11
182553a
d9a21 (base 14) to base 6
15135341
Convert -3200114 (base 5) to base 9.
-80825
1202424010 (base 5) to base 11
1629624
What is -18c5d7 (base 16) in base 10?
-1623511
What is 224024 (base 8) in base 13?
28666
-203012002031 (base 4) to base 6
-525103245
Convert -6a3aa (base 14) to base 4.
-333021302
Convert -1001200110112 (base 3) to base 14.
-109a76
Convert 538a40 (base 11) to base 10.
861080
Convert -1301636 (base 8) to base 11.
-227562
What is -323120113123 (base 4) in base 14?
-20d2bc7
Convert -356502 (base 7) to base 16.
-fcdb
43548 (base 16) to base 11
179223
What is 136453 (base 13) in base 8?
1627566
3001311 (base 9) to base 2
110000101011110101001
Convert -3100102230 (base 4) to base 8.
-3202254
-954838 (base 12) to base 16
-23e0ac
Convert 5447007 (base 10) to base 2.
10100110001110101011111
What is 105555 (base 10) in base 8?
316123
What is -2221201112 (base 3) in base 5?
-3324433
285597b (base 12) to base 7
125435111
14216241 (base 7) to base 11
830008
-12130210002 (base 4) to base 8
-6344402
Convert -376500 (base 8) to base 4.
-133311000
What is 20a02 (base 14) in base 4?
103033022
What is 25300052 (base 6) in base 16?
c7580
What is -1410211310 (base 5) in base 7?
-42415022
What is -2434241401 (base 5) in base 13?
-1272531
Convert -4526015 (base 8) to base 4.
-10222300031
-66b02 (base 12) to base 16
-214b2
Convert 2738412 (base 11) to base 3.
22220002020021
-20220102112 (base 3) to base 12
-66795
Convert -77030207 (base 8) to base 3.
-1011002200110110
What is -364696 (base 10) in base 7?
-3046153
What is -a252c (base 14) in base 12?
-16a0b8
What is -52877 (base 11) in base 8?
-226167
366448 (base 9) to base 14
5a8bd
-ec5bd (base 16) to base 15
-141cba
What is 18a75a2 (base 11) in base 4?
30101100131
What is -1471424 (base 9) in base 6?
-25243251
What is 5629629 (base 11) in base 2?
100101101000101110010001
-439599 (base 11) to base 15
-dc9b4
What is -20c31 (base 15) in base 8?
-313074
Convert 7a306 (base 14) to base 13.
a5210
19a51 (base 11) to base 10
27886
What is -2b022 (base 14) in base 9?
-172750
Convert 57712 (base 12) to base 15.
24918
Convert 42120243 (base 6) to base 2.
100101010101101100011
Convert -168982 (base 12) to base 3.
-201201212122
1111020333 (base 4) to base 7
2651502
34a9689 (base 11) to base 7
103001011
22411132 (base 6) to base 15
d833b
-307774 (base 8) to base 7
-604350
Convert -71a22 (base 16) to base 4.
-1301220202
1752552 (base 8) to base 7
4235516
-2b240 (base 12) to base 5
-3421231
Convert 112122202110001 (base 3) to base 10.
7789690
What is -412522 (base 7) in base 3?
-10120210221
Convert -11020111212 (base 4) to base 15.
-1b8730
Convert -11128855 (base 9) to base 4.
-110210223113
Convert 413cd (base 14) to base 7.
1223146
Convert -4238a (base 13) to base 3.
-20001121000
What is -947019 (base 10) in base 7?
-11022663
-11064643 (base 7) to base 13
-276961
346545 (base 9) to ba